 - -9) - (-4 + -1).
2
(0 - (0 + 1) - 3) + 7
3
2 - -4 - (4 - -8) - 0
-6
Evaluate 2 + -12 + 3 + 4.
-3
What is 0 - (-4 + -4 - -4)?
4
Evaluate 2 + 0 + -2 + 6.
6
0 + (11 - 7) + (-1 - 2)
1
What is 6 + 4 - (16 + -4)?
-2
What is (-6 + 5 - -2) + -6?
-5
What is 8 + -8 - (0 - (0 + -5))?
-5
What is the value of -1 - -1 - (-5 - (-2 - 4))?
-1
Evaluate -7 - (8 + -13 + 1).
-3
What is the value of -3 - (0 - 2 - -2)?
-3
What is the value of (4 - 2) + 0 + 0 + 3?
5
Evaluate -6 - (0 - 4 - (-24 + 19)).
-7
0 + -2 + 4 + -4 - 1
-3
Calculate (-4 - (-4 + -4)) + 2.
6
(5 + -3 - 5) + 2
-1
Evaluate 2 + 2 + -4 + -1 + 0.
-1
What is 18 - (12 - (3 + (5 - 3)))?
11
What is the value of (-5 - -9) + (-2 - 0)?
2
What is the value of -23 + (9 - -2) - -11?
-1
20 - 18 - (4 + (-2 - -1))
-1
Calculate 5 + -28 + 22 + 0 + 3.
2
What is the value of -1 - (-2 - (1 - 7))?
-5
Evaluate 2 - 9 - -13 - 0.
6
What is 0 - (10 + -14 - (2 + -1))?
5
(5 - (-3 + 5)) + -2
1
What is -9 + (21 - (5 - -5))?
2
What is the value of 0 - -1 - (-1 + -6 + 6)?
2
What is (-8 - -13) + (0 - (3 - 0))?
2
What is the value of (-6 - 0) + 11 + -12?
-7
21 - (13 + -3) - 8
3
What is 2 + -4 + 2 + -2 + 3?
1
-4 - (-1 - -2) - (-3 - -2)
-4
Calculate -22 - -22 - (-7 + -1 + 1).
7
What is the value of 2 + 4 + (2 - 0) + -3?
5
Evaluate 0 + -6 + 1 + 1 + 3.
-1
-5 + -1 + (2 - 0)
-4
What is 9 - (19 + -12 + 1)?
1
What is the value of 6 + (-27 - -25) + (0 - 0)?
4
3 + -14 + 5 + 5
-1
Calculate (-2 - -5) + (0 - 0).
3
Calculate 14 + -10 - 2 - (-2 - 1).
5
What is 7 - (14 + 0) - (-2 - 2)?
-3
What is -2 - -3 - (-6 - (-4 + 0))?
3
What is the value of -6 - (-7 + 1 + 3)?
-3
What is -1 - (8 - 3 - 2 - -2)?
-6
What is -2 - 2 - (-1 + 0)?
-3
What is the value of 4 + (-3 - -1) + -1 - 3?
-2
What is the value of 2 - (-1 + 0 + -1 + 4)?
0
What is the value of -2 - (1 + -4) - -1?
2
2 + -3 + (-1 - 1 - -6)
3
(69 - 75) + -1 + 8
1
Calculate 17 + -10 + -5 + -4.
-2
4 - (6 + 7) - -18
9
What is the value of -3 + (3 - 6) - -4?
-2
What is the value of 9 + 7 + -10 + -10?
-4
Evaluate -5 + (-6 - -1) + 6 + 2.
-2
Evaluate (4 - (-1 + 4)) + (1 - 3).
-1
Evaluate -4 + 5 + (-2 - -2).
1
What is -1 + 5 - (-3 + 3)?
4
0 + (1 - 1) - (103 - 98)
-5
Evaluate 1 + -3 + (3 - 0).
1
Evaluate (2 - (1 + 2)) + (25 - 20).
4
7 - (9 - (10 - 8))
0
Evaluate (1 - 12) + 0 + (3 - 1).
-9
What is 1 + 1 + (1 - -2)?
5
What is the value of 1 + 0 + (-4 - (7 - 9))?
-1
What is the value of 3 + (-1 - (-3 - 0)) + -5?
0
13 + (-5 - -12) + -14
6
What is the value of (-10 - -9) + -6 + 2?
-5
-2 + -1 + (8 - 10)
-5
Evaluate 1 - (1 + (-6 - -2)).
4
-5 - (-6 - (5 + -12))
-6
What is the value of 5 + (3 - 2) + -1 - 6?
-1
Evaluate -3 + 5 + -2 + -1 + -3.
-4
What is 20 - 22 - (0 + 0 - 2)?
0
What is (0 - (-6 - -1)) + 33 + -34?
4
Calculate -9 - (-7 - (-7 - -9)).
0
What is (1 + 5 - 2) + -6?
-2
What is -1 - (0 + 0 - -2 - 3)?
0
What is the value of (-13 - (-6 - 6)) + 6?
5
2 - (3 + (13 - 10))
-4
Calculate (-3 - -6) + -14 + 12.
1
What is -6 + (0 + -2 - -3)?
-5
Calculate 9 - (11 + (-8 - -3)) - 1.
2
What is the value of 2 - (4 - 7) - 12?
-7
Calculate -8 + 6 - (-5 + -2 + 14).
-9
Evaluate -5 + (17 - 9) + 3 + -4.
2
What is 4 - (-4 + 9) - 0 - -2?
1
What is the value of 3 + (6 - -5) + -7 + 2?
9
What is the value of (-4 - -6) + -1 - 2?
-1
Calculate 14 + -22 - (-1 + -5).
-2
Calculate (1 - (-3 - -8)) + 3.
-1
What is 11 + (-1 + 4 + -3 - 2)?
9
What is (34 - 29) + 8 + -5?
8
What is -2 - (1 - (-5 + 3))?
-5
Calculate 8 + (0 - 0) - 4.
4
What is the value of -2 + 1 - (3 - 2)?
-2
3 + -3 - -1 - (4 - -2)
-5
Calculate (3 - (-4 + 4)) + 1 + 1.
5
What is -3 + 19 + (-6 - 5)?
5
Calculate -1 - (-4 - 0) - 2.
1
Evaluate 1 + (-4 - -1 - 3).
-5
-110 + 119 - (1 - -14)
-6
Calculate (-9 + 4 + 7 - -2) + -9.
-5
2 + -2 + (1 - -1)
2
What is (6 - 4) + -6 - (0 + -3)?
-1
Evaluate -11 + (-10 - -16 - -10).
5
Evaluate 2 + 6 + (10 - 19).
-1
What is the value of (-6 - (-4 + 1)) + (2 - 4)?
-5
What is the value of -1 - 5 - (-3 - (1 + 3))?
1
What is the value of 0 + 5 + (12 - (-1 + 13))?
5
14 + -2 - (-66 + 70)
8
What is 11 + -9 - (1 - -2)?
-1
What is (2 - 1 - 4) + (-3 - 0)?
-6
Calculate -1 - (8 + 0) - -6.
-3
What is the value of (10 - (1 - -6)) + 2?
5
Evaluate -5 + (4 - -7 - 4).
2
What is the value of 1 + 0 + -1 + 5?
5
Calculate (5 - 1) + 3 + -6 + 2.
3
What is (-7 - (-13 + 7)) + 5?
4
Calculate 4 + -1 + (-57 - -49).
-5
Evaluate 3 - ((-6 - -9) + (-2 - -3)).
-1
Evaluate (-14 - (-12 - 1)) + 12.
11
Evaluate 1 + (-2 - (-4 + 0)).
3
What is the value of 0 + -3 - (3 + -6 - -4)?
-4
What is 10 + (5 - (-8 + 23))?
0
Calculate (-1 - 1 - (-70 + 70)) + -3.
-5
Evaluate -17 + 22 + (1 - 0).
6
11 + -4 + (0 - 12)
-5
Evaluate 8 + -13 - 0 - 2.
-7
What is 19 + -17 + (-2 - -2) + -3?
-1
What is -1 + 2 + -8 + (-16 - -19)?
-4
What is the value of (-3 - (3 - 2) - -2) + 7?
5
6 - 4 - (-7 - (-4 - 0))
5
Calculate 2 - -8 - (7 + -5).
8
-4 - 1 - (-2 - (7 + -3))
1
Evaluate 1 + 0 + -20 + 8 - -5.
-6
What is the value of 4 - (1 + (-2 + 3 - 3))?
5
Calculate 6 - (3 + -5 + 5).
3
Evaluate -9 - (-15 + 14 + -2).
-6
What is 3 + (6 - (-1 + 3)) + 4?
11
Evaluate -198 + 199 - (0 + (-1 - 0)).
2
(3 - 1) + (4 - (1 + 5))
0
Evaluate (-2 - 1) + (-3 - 8) + 15.
1
Calculate 1 + (3 - -3) - 13 - -5.
-1
Evaluate 1 + (0 - 2 - -6) + -4.
1
Calculate 7 + -8 - (-1 + -5).
5
Evaluate -6 + 4 - 0 - -6.
4
What is 2 + (-1 - -6 - 10) - -4?
1
Calculate (43 - 31) + (4 - 2) + -5.
9
What is 0 - 1 - (19 - 4 - 7)?
-9
What is the value of (4 + -1 - 10) + 3 + -2?
-6
What is the value of -1 - -4 - 4 - (0 - 0)?
-1
(-10 - 0) + 4 - (-2 - -3)
-7
-19 - -15 - (-1 - (-1 - 0))
-4
What is the value of (-3 - -2) + 0 + (-1 - 3)?
-5
What is the value of 5 - -3 - (10 + -9)?
7
-12 + 4 + (2 - 0) + 2
-4
Calculate (8 - 2) + 5 + -18.
-7
What is -3 - (-7 - 1) - 2 - -7?
10
What is the value of -3 + 2 + 4 - (-3 + 1)?
5
What is the value of -1 + 2 + 3 + -5 - -6?
5
What is 12 + -6 + (-7 - 0)?
-1
Evaluate (-1 - 7) + (8 - 8).
-8
Calculate 0 + (-3 - (-2 + 3 + -5)).
1
Calculate 0 + -1 + 5 - 4.
0
(-9 + 4 - -8) + -3
0
Evaluate 27 + -39 - (-5 + -1).
-6
What is the value of (20 - 24) + (-1 - -9) + -6?
-2
Calculate 2 - ((1 - 3) + (-4 - -3)).
5
Calculate -2 - (-6 + 1 + -2 + 9).
-4
Evaluate (-1 - -6) + (0 - -14 - 18).
1
Evaluate 5 + -1 + -12 - -2.
-6
-6 - -7 - 4 - (-2 - 0)
-1
Evaluate (-5 - 2) + (-5 + 11 - 4).
-5
Evaluate 20 - 23 - (-1 + -6).
4
What is (-9 - 2) + 7 + (5 - 2)?
-1
Evaluate 14 + -2 + -5 + (-10 - -4).
1
Evaluate 2 - (2 + 3 + 8 + -11).
0
Evaluate 2 - 9 - (-2 - 0).
-5
What is -2 + (3 - 4) - (-5 + 7)?
-5
-2 - -11 - ((-7 - -7) + 1)
8
What is the value of (78 - 90) + (-1 - -14)?
1
Calculate 6 + 6 + (2 - -1 - 7).
8
Calculate -8 + 6 - -5 - (-5 + 3).
5
Evaluate 6 - (0 - -1 - -1 - 1).
5
Evaluate 8 - (1 + 3 + 5).
-1
Evaluate (-7 + 14 - 13) + (-3 - -3).
-6
3 + -2 + 2 + -8 + 1
-4
(0 + 1 - 0) + -2
-1
What is the value of (-2 - -2) + -8 + 13 - 6?
-1
What is -1 + -4 + (4 - (-2 + 5))?
-4
Calculate 3 - (7 - 14) - 5.
5
What is 7 + 0 + (-6 - -5) + -2?
4
(4 - (-4 - -4)) + -1 + 1
4
0 + -1 + -7 + 2 + 2
-4
What is (11 - 1) + (-23 - -18) - 1?
4
Calculate 28 + -34 - (4 - 0).
-10
Evaluate -17 - (-31 + 6 - -13).
-5
Calculate -2 - (-1 - -1 - 6) - 3.
1
Calculate 5 - (6 - (4 + -2)).
1
What is the value of 0 + (2 + 2 - (-2 + 1))?
5
Calculate (4 - (13 - 5)) + 0.
-4
Evaluate 3 + -5 + (0 - -7).
5
Evaluate -1 + 6 + -11 - 6 - -5.
-7
Evaluate 8 - (19 - 4) - -1.
-6
What is the value of (-1 + -5 - -12) + -9?
-3
Evaluate 3 + 2 - (4 - 0).
1
What is the value of (0 - 1) + (0 - (-2 - -2))?
-1
Evaluate -5 + 9 + 5 + -9.
0
Evaluate -4 - (1 + 0 + -1).
-4
What is (45 - 53) + (13 - (-1 + 3))?
3
What is the value of -2 + (-1 - (-8 + 4))?
1
What is (7 - -1 - 4) + -5?
-1
What is (2 - 0 - 7) + 19 + -18?
-4
Evaluate 10 + -24 + 18 + -4.
0
What is the value of -10 + 22 + (5 - 10)?
7
(-3 - 0) + (-2 + -1 - -1)
-5
-7 + -5 + 6 - -6
0
Evaluate -2 - 2 - (-4 + -6 - -5).
1
Evaluate -7 - ((2 - -6) + -20).
5
Evaluate (-9 - -12) + -5 + 1.
-1
Calculate 1 + -6 - (53 + -61).
3
3 + -1 + -2 - 2
-2
1 + (1 - (-2 + 0))
4
What is 5 - (7 + -4) - -2?
4
What is the value of (-3 - -13) + 2 + -8?
4
What is -13 - -20 - (1 - -4)?
2
What is the value of 9 - (12 + (-2 - (9 + -5)))?
3
Evaluate -4 + -1 - (79 + -80).
-4
Calculate -20 + 22 - (-2 - -4).
0
Calculate 4 - (3 - (-5 - 0 - -2)).
-2
-4 - ((5 - 2) + -3 + 0)
-4
Evaluate 3 + 5 + -8 + 5.
5
What is 0 + (-4 + 2 - (1 + -3)